{"id":15,"date":"2022-05-23T16:57:41","date_gmt":"2022-05-23T16:57:41","guid":{"rendered":"http:\/\/kuzmavill.hu\/?page_id=15"},"modified":"2024-03-13T09:37:29","modified_gmt":"2024-03-13T09:37:29","slug":"rolunk","status":"publish","type":"page","link":"https:\/\/kuzmavill.hu\/?page_id=15","title":{"rendered":"P\u00e1r sz\u00f3ban r\u00f3lam, \u00e9s a v\u00e1llakoz\u00e1sr\u00f3l"},"content":{"rendered":"\n<p class=\"has-medium-font-size\">Kuzma D\u00e1niel Attila vagyok, okleveles villanyszerel\u0151, egy\u00e9ni v\u00e1llalkoz\u00f3. Az \u00e9p\u00edt\u0151iparhoz val\u00f3 k\u00f6t\u0151d\u00e9sem m\u00e1r eg\u00e9szen fiatalkoromban kialakult mivel ilyen k\u00f6zegben mozogtam mindig is. A szakm\u00e1m sz\u00e1momra nem csak egy szakma, hanem ink\u00e1bb hivat\u00e1s, hogy biztons\u00e1gos ingatlanokat hagyjak magam ut\u00e1n \u00e9s megk\u00f6nny\u00edtsem az \u00fcgyfeleim \u00e9let\u00e9t. Nagypap\u00e1m nyomdokain elindulva elv\u00e9geztem a villanyszerel\u0151 k\u00e9pz\u00e9st, valamint jelent\u0151s gyakorlatra tettem szert az elm\u00falt \u00e9vek folyam\u00e1n. Nagyon sok v\u00e1rosban megfordultam m\u00e1r munka\u00fcgyben, de egy biztos pont volt mindig. A prec\u00edz, \u00e9s felel\u0151ss\u00e9gteljes munkav\u00e9gz\u00e9s. <\/p>\n\n\n\n<p class=\"has-medium-font-size\">Sz\u00e1mottev\u0151 projektek amiknek a villanyszerel\u00e9si munk\u00e1lataiban r\u00e9szt vettem<\/p>\n\n\n\n<ul class=\"wp-block-list\">\n<li class=\"has-medium-font-size\">Budakeszi Glamour Cosmetics sz\u00e9kh\u00e1z, \u00e9s rakt\u00e1r<\/li>\n\n\n\n<li class=\"has-medium-font-size\">F\u00fczesabonyi raklapgy\u00e1r <\/li>\n\n\n\n<li class=\"has-medium-font-size\">T\u00e1rnok Mag-Maxx gy\u00fcm\u00f6lcskrist\u00e1ly sz\u00e9kh\u00e1z <\/li>\n\n\n\n<li class=\"has-medium-font-size\">Nagykov\u00e1csi fitness terem<\/li>\n\n\n\n<li class=\"has-medium-font-size\">X.ker Cserkesz utca t\u00e1rsash\u00e1z<\/li>\n\n\n\n<li class=\"has-medium-font-size\">X.ker M\u00e9lyt\u00f3 2.<\/li>\n\n\n\n<li class=\"has-medium-font-size\">X.ker Eu-Building Hungary Kft. telephely<\/li>\n\n\n\n<li class=\"has-medium-font-size\">XII.ker B\u00e9lakir\u00e1ly \u00fati lak\u00f3park<\/li>\n\n\n\n<li class=\"has-medium-font-size\">\u00d3zd Mc&#8217;Donalds<\/li>\n\n\n\n<li class=\"has-medium-font-size\">Dr\u00e9gelypal\u00e1nki R\u00f3mai katolikus pl\u00e9b\u00e1nia<\/li>\n<\/ul>\n","protected":false},"excerpt":{"rendered":"<p>Kuzma D\u00e1niel Attila vagyok, okleveles villanyszerel\u0151, egy\u00e9ni v\u00e1llalkoz\u00f3. Az \u00e9p\u00edt\u0151iparhoz val\u00f3 k\u00f6t\u0151d\u00e9sem m\u00e1r eg\u00e9szen fiatalkoromban kialakult mivel ilyen k\u00f6zegben mozogtam mindig is. A szakm\u00e1m sz\u00e1momra nem csak egy szakma, hanem ink\u00e1bb hivat\u00e1s, hogy biztons\u00e1gos ingatlanokat hagyjak magam ut\u00e1n \u00e9s megk\u00f6nny\u00edtsem az \u00fcgyfeleim \u00e9let\u00e9t. Nagypap\u00e1m nyomdokain elindulva elv\u00e9geztem a villanyszerel\u0151 k\u00e9pz\u00e9st, valamint jelent\u0151s gyakorlatra tettem szert &hellip; <\/p>\n<p class=\"link-more\"><a href=\"https:\/\/kuzmavill.hu\/?page_id=15\" class=\"more-link\"><span class=\"screen-reader-text\">&#8222;P\u00e1r sz\u00f3ban r\u00f3lam, \u00e9s a v\u00e1llakoz\u00e1sr\u00f3l&#8221;<\/span> b\u0151vebben<\/a><\/p>\n","protected":false},"author":1,"featured_media":0,"parent":0,"menu_order":0,"comment_status":"closed","ping_status":"closed","template":"","meta":{"footnotes":""},"class_list":["post-15","page","type-page","status-publish","hentry"],"_links":{"self":[{"href":"https:\/\/kuzmavill.hu\/index.php?rest_route=\/wp\/v2\/pages\/15","targetHints":{"allow":["GET"]}}],"collection":[{"href":"https:\/\/kuzmavill.hu\/index.php?rest_route=\/wp\/v2\/pages"}],"about":[{"href":"https:\/\/kuzmavill.hu\/index.php?rest_route=\/wp\/v2\/types\/page"}],"author":[{"embeddable":true,"href":"https:\/\/kuzmavill.hu\/index.php?rest_route=\/wp\/v2\/users\/1"}],"replies":[{"embeddable":true,"href":"https:\/\/kuzmavill.hu\/index.php?rest_route=%2Fwp%2Fv2%2Fcomments&post=15"}],"version-history":[{"count":5,"href":"https:\/\/kuzmavill.hu\/index.php?rest_route=\/wp\/v2\/pages\/15\/revisions"}],"predecessor-version":[{"id":142,"href":"https:\/\/kuzmavill.hu\/index.php?rest_route=\/wp\/v2\/pages\/15\/revisions\/142"}],"wp:attachment":[{"href":"https:\/\/kuzmavill.hu\/index.php?rest_route=%2Fwp%2Fv2%2Fmedia&parent=15"}],"curies":[{"name":"wp","href":"https:\/\/api.w.org\/{rel}","templated":true}]}}