{"id":118,"date":"2023-04-06T09:20:31","date_gmt":"2023-04-06T09:20:31","guid":{"rendered":"https:\/\/kuzmavill.hu\/?page_id=118"},"modified":"2023-04-06T09:41:03","modified_gmt":"2023-04-06T09:41:03","slug":"elektromos-auto-toltok","status":"publish","type":"page","link":"https:\/\/kuzmavill.hu\/?page_id=118","title":{"rendered":"Elektromos aut\u00f3 t\u00f6lt\u0151k"},"content":{"rendered":"\n<p class=\"has-medium-font-size\">V\u00e1llalkoz\u00e1som v\u00e1llalja elektromos aut\u00f3khoz val\u00f3 t\u00f6lt\u0151k ki\u00e9p\u00edt\u00e9s\u00e9t mind mag\u00e1nszem\u00e9lyek, mind k\u00f6z\u00fcletek r\u00e9sz\u00e9re.  <\/p>\n\n\n\n<p class=\"has-medium-font-size\">Egy el\u0151zetes egyeztet\u00e9s alapj\u00e1n kiv\u00e1lasztjuk az \u00d6nnek megfelel\u0151 t\u00f6lt\u0151 \u00e1llom\u00e1st, beszerezz\u00fck, \u00e9s be\u00fczemelj\u00fck. \u00cdgy \u00d6nnek semmi teend\u0151je nem lesz vele. <\/p>\n\n\n\n<div class=\"wp-block-group\"><div class=\"wp-block-group__inner-container is-layout-constrained wp-block-group-is-layout-constrained\">\n<figure class=\"wp-block-image size-large is-resized\"><img loading=\"lazy\" decoding=\"async\" src=\"https:\/\/kuzmavill.hu\/wp-content\/uploads\/2023\/04\/331791454_3601350483484481_2727867096907212545_n-1024x768.jpg\" alt=\"\" class=\"wp-image-119\" width=\"674\" height=\"504\"\/><\/figure>\n\n\n\n<figure class=\"wp-block-gallery has-nested-images columns-default is-cropped wp-block-gallery-1 is-layout-flex wp-block-gallery-is-layout-flex\">\n<figure class=\"wp-block-image size-large\"><img loading=\"lazy\" decoding=\"async\" width=\"1024\" height=\"768\" data-id=\"120\" src=\"https:\/\/kuzmavill.hu\/wp-content\/uploads\/2023\/04\/331758866_591493719494275_3145652550967092634_n-1024x768.jpg\" alt=\"\" class=\"wp-image-120\" srcset=\"https:\/\/kuzmavill.hu\/wp-content\/uploads\/2023\/04\/331758866_591493719494275_3145652550967092634_n-1024x768.jpg 1024w, https:\/\/kuzmavill.hu\/wp-content\/uploads\/2023\/04\/331758866_591493719494275_3145652550967092634_n-300x225.jpg 300w, https:\/\/kuzmavill.hu\/wp-content\/uploads\/2023\/04\/331758866_591493719494275_3145652550967092634_n-768x576.jpg 768w, https:\/\/kuzmavill.hu\/wp-content\/uploads\/2023\/04\/331758866_591493719494275_3145652550967092634_n-1536x1152.jpg 1536w, https:\/\/kuzmavill.hu\/wp-content\/uploads\/2023\/04\/331758866_591493719494275_3145652550967092634_n.jpg 2048w\" sizes=\"auto, (max-width: 767px) 89vw, (max-width: 1000px) 54vw, (max-width: 1071px) 543px, 580px\" \/><\/figure>\n<\/figure>\n<\/div><\/div>\n\n\n\n<figure class=\"wp-block-gallery has-nested-images columns-default is-cropped wp-block-gallery-2 is-layout-flex wp-block-gallery-is-layout-flex\">\n<figure class=\"wp-block-image size-large\"><img loading=\"lazy\" decoding=\"async\" width=\"768\" height=\"1024\" data-id=\"121\" src=\"https:\/\/kuzmavill.hu\/wp-content\/uploads\/2023\/04\/331778076_495688329433099_8013335776210190944_n-768x1024.jpg\" alt=\"\" class=\"wp-image-121\" srcset=\"https:\/\/kuzmavill.hu\/wp-content\/uploads\/2023\/04\/331778076_495688329433099_8013335776210190944_n-768x1024.jpg 768w, https:\/\/kuzmavill.hu\/wp-content\/uploads\/2023\/04\/331778076_495688329433099_8013335776210190944_n-225x300.jpg 225w, https:\/\/kuzmavill.hu\/wp-content\/uploads\/2023\/04\/331778076_495688329433099_8013335776210190944_n-1152x1536.jpg 1152w, https:\/\/kuzmavill.hu\/wp-content\/uploads\/2023\/04\/331778076_495688329433099_8013335776210190944_n.jpg 1536w\" sizes=\"auto, (max-width: 767px) 89vw, (max-width: 1000px) 54vw, (max-width: 1071px) 543px, 580px\" \/><\/figure>\n<\/figure>\n","protected":false},"excerpt":{"rendered":"<p>V\u00e1llalkoz\u00e1som v\u00e1llalja elektromos aut\u00f3khoz val\u00f3 t\u00f6lt\u0151k ki\u00e9p\u00edt\u00e9s\u00e9t mind mag\u00e1nszem\u00e9lyek, mind k\u00f6z\u00fcletek r\u00e9sz\u00e9re. Egy el\u0151zetes egyeztet\u00e9s alapj\u00e1n kiv\u00e1lasztjuk az \u00d6nnek megfelel\u0151 t\u00f6lt\u0151 \u00e1llom\u00e1st, beszerezz\u00fck, \u00e9s be\u00fczemelj\u00fck. \u00cdgy \u00d6nnek semmi teend\u0151je nem lesz vele.<\/p>\n","protected":false},"author":1,"featured_media":0,"parent":0,"menu_order":0,"comment_status":"closed","ping_status":"closed","template":"","meta":{"footnotes":""},"class_list":["post-118","page","type-page","status-publish","hentry"],"_links":{"self":[{"href":"https:\/\/kuzmavill.hu\/index.php?rest_route=\/wp\/v2\/pages\/118","targetHints":{"allow":["GET"]}}],"collection":[{"href":"https:\/\/kuzmavill.hu\/index.php?rest_route=\/wp\/v2\/pages"}],"about":[{"href":"https:\/\/kuzmavill.hu\/index.php?rest_route=\/wp\/v2\/types\/page"}],"author":[{"embeddable":true,"href":"https:\/\/kuzmavill.hu\/index.php?rest_route=\/wp\/v2\/users\/1"}],"replies":[{"embeddable":true,"href":"https:\/\/kuzmavill.hu\/index.php?rest_route=%2Fwp%2Fv2%2Fcomments&post=118"}],"version-history":[{"count":3,"href":"https:\/\/kuzmavill.hu\/index.php?rest_route=\/wp\/v2\/pages\/118\/revisions"}],"predecessor-version":[{"id":135,"href":"https:\/\/kuzmavill.hu\/index.php?rest_route=\/wp\/v2\/pages\/118\/revisions\/135"}],"wp:attachment":[{"href":"https:\/\/kuzmavill.hu\/index.php?rest_route=%2Fwp%2Fv2%2Fmedia&parent=118"}],"curies":[{"name":"wp","href":"https:\/\/api.w.org\/{rel}","templated":true}]}}